d x?
3
Suppose 3*y - 86 = -3*u + 16, 5*y = -u + 166. Suppose -y*g = -31*g - 14. Calculate the greatest common divisor of 77 and g.
7
Let d(g) be the first derivative of -2*g**2 + 27*g - 8. Let u be d(-7). Calculate the highest common divisor of u and 5.
5
Suppose 5*i = 15, -2*i = 5*f - 0*i - 36. Suppose -f*h + n + 67 = -h, -3*h = n - 45. Suppose -h = -2*l + l. Calculate the highest common factor of l and 42.
14
Let i(n) = -n**3 + 4*n**2 + 5*n - 2. Let z(b) = -b + 2. Let f be z(-1). Let a be i(f). What is the greatest common divisor of 110 and a?
22
Suppose 2*i + 82 = 250. What is the highest common factor of 12 and i?
12
Suppose -4*q - 3 = 3*g, -g + 2*q + 1 = -2*g. Let y be (g - (-3 - 0))*(4 - 0). Calculate the highest common divisor of y and 136.
8
Let z = -1 + 5. Suppose z*r + 1 = 5*m + 80, 0 = -2*r + 3*m + 39. Calculate the greatest common divisor of 7 and r.
7
Let x = 10 + -4. Let n be x/(-8) - 2961/(-28). Let k = 7 + n. Calculate the greatest common factor of k and 16.
16
Let v(z) = -z**3 - z**2 + z + 4. Let t be v(-3). Let k = -225 - -216. Let m = t - k. What is the highest common divisor of 4 and m?
4
Suppose 4*g = 3*g + 1. Let u(j) = j**3 - 4*j**2 + j - 3. Let x be u(4). Suppose 0 = -a + x + g. What is the highest common divisor of 22 and a?
2
Let p = 2 + 4. Suppose -3*r + p = -54. Let m = r - 11. What is the greatest common divisor of 18 and m?
9
Suppose 4*r = -m + 44, 4*m - 2*r - 131 = 45. What is the highest common factor of 484 and m?
44
Let j(x) = 23*x + 1. Let t be j(1). Let i be 4/10 + (-5 - 826/(-35)). Suppose 0 = -g + 25 - i. What is the highest common divisor of t and g?
6
Suppose -34 = -3*u + 209. Let j = u - 53. Calculate the greatest common divisor of 14 and j.
14
Let w(f) = 7*f**2 - 2*f + 2. Let m be w(1). Let s = -6 + m. Let x = s - -15. Calculate the greatest common divisor of x and 24.
8
Let s(c) = -c**2 - 21*c - 56. Let o be s(-4). What is the greatest common divisor of 222 and o?
6
Let t(m) = -m**3 - 8*m**2 - m - 5. Let u be t(-8). Suppose 5*x - n - n = 92, -24 = -2*x + 4*n. Let g = x - u. Calculate the highest common divisor of g and 17.
17
Let f(w) = 4*w**2 + 5*w - 18. Let t be f(-9). Suppose 2*k - 3*k + t = 0. What is the greatest common factor of k and 29?
29
Suppose d - 5*d + 12 = 0. Suppose -8 = -d*j + 7. Let p = 121 - 106. What is the highest common divisor of p and j?
5
Let b be 346 + 7/(28/(-20)) + 1. What is the highest common divisor of b and 190?
38
Suppose 1161*j - 1162*j = -45. Let m = -4 + 9. Calculate the greatest common divisor of j and m.
5
Suppose -11412 = -156*l + 7980 - 1920. Let u be 114/8 - (-1)/(-4). Calculate the highest common divisor of u and l.
14
Let f be 42/(-28)*8/(-6). Let a = f - -6. Let s(d) = -d**2 + 9*d + 4. Let k be s(a). Calculate the greatest common divisor of k and 4.
4
Let m(h) = h**3 + 3 + 49*h**2 + 4 - 9*h - 56*h**2. Let q be m(9). What is the highest common divisor of q and 8?
8
Suppose 5*v - 57 = -j, 3*v = -4*j + 78 + 99. Calculate the greatest common factor of j and 18.
6
Let t be -14*1/(-2)*1. Suppose 1908 = 35*c + 193. What is the greatest common factor of t and c?
7
Let z(y) = -2*y**3 + 24*y**2 + 8*y - 11. Let r be z(12). Calculate the greatest common divisor of 15 and r.
5
Suppose 0 = -4*v + 6*v + 4*f - 54, 4*v = 2*f + 148. What is the greatest common divisor of 280 and v?
35
Let u be (0 - 0) + 57 + 1168. Calculate the highest common factor of u and 25.
25
Suppose 19*d - 79 = 1251. What is the greatest common factor of d and 98?
14
Let r = 167 - 68. Let p(y) = -y**3 - 8*y**2 + 8*y + 2. Let v = 42 - 51. Let q be p(v). Calculate the highest common divisor of q and r.
11
Let w = 88 + -34. Let f be 119 + 60/20 + 2 + -16. What is the greatest common divisor of w and f?
54
Let b = 257 - 155. What is the highest common divisor of 18 and b?
6
Suppose 0 = 4*r - 5*y - 1991, -46*y = r - 44*y - 514. What is the highest common factor of 63 and r?
63
Let m = 110 + -22. Suppose 0 = -5*c + c + 32. Calculate the highest common factor of c and m.
8
Suppose -2*o + 44 + 66 = 0. Suppose -8*h + 9 = -o. Calculate the highest common divisor of 1 and h.
1
Let s(z) = -z**3 + 6*z**2 - 6*z - 1. Suppose 0*i + 4*i = 16. Let y be s(i). What is the greatest common divisor of 63 and y?
7
Let x be (1/2)/(1/(-58)). Let d = 31 + x. Calculate the highest common divisor of 22 and d.
2
Suppose 4*q = -h + 161, 5*h - 129 = -4*q + 52. What is the greatest common divisor of 6 and q?
3
Let o = -14 - -19. Suppose -o*y = 4*q - 75, 5*q - 49 - 17 = 3*y. Calculate the highest common divisor of 60 and q.
15
Let t be (-455)/(-20) - 15/20. What is the greatest common divisor of 11 and t?
11
Let f be 35/7*4/5. Suppose -f*z = -24 - 20. Let c = z - -2. What is the highest common factor of 39 and c?
13
Let f be ((-8)/(-20))/(3/525). Let q = 1 + 13. What is the highest common divisor of q and f?
14
Let y(v) be the first derivative of -v**4/4 - 4*v**3 - 25*v**2/2 - 6*v - 22. Let x be y(-10). Calculate the highest common divisor of 4 and x.
4
Let u be ((-1445)/51)/((-1)/3). Calculate the highest common divisor of 17 and u.
17
Suppose 4*l = -t + 20, -5*t + 9 = 4*l - 27. Suppose 4*o = 8, 0 = l*u + 6*o - 2*o - 192. Calculate the greatest common factor of 115 and u.
23
Let t = 10 + -4. Suppose t*g - g + 5 = 0. Let d be (-8)/12*39/g. Calculate the greatest common factor of 130 and d.
26
Suppose 2*n - 940 = -604. What is the greatest common divisor of n and 112?
56
Suppose 98*l + 378 = 107*l. What is the greatest common divisor of l and 24?
6
Suppose -5*h + m - 3*m = -81, -2*h = 5*m - 24. Suppose 0*r + h = r - k, 5*r - 4*k = 80. Calculate the highest common divisor of r and 24.
12
Suppose -3*d + 35 = -16. Suppose -z + 2*z + 4*s = -23, 4*s = 3*z - 11. Let o be 83/1 - (1 + z). What is the greatest common factor of o and d?
17
Let s = 1158 - 383. Calculate the greatest common factor of s and 31.
31
Suppose 10 = -2*v, 0 = l - 3*l - 4*v - 4. Suppose -2*b - 4*y = -31 - 9, -y - l = -b. What is the highest common factor of 96 and b?
12
Suppose 97 = 3*p + 34. Suppose -p = -k - 2*n + 5*n, -5*n + 50 = 4*k. Calculate the greatest common divisor of 135 and k.
15
Let z = -2658 + 4610. Calculate the greatest common divisor of z and 61.
61
Suppose 22 = 9*y + 2*y. Suppose 7*l = y*l - 4*w + 86, 5*w = 3*l - 59. What is the highest common divisor of 24 and l?
6
Let m be (-1495)/(-45) - (-22)/(-99). Calculate the highest common factor of m and 528.
33
Let w be (2 - -1) + 3 + -2. Suppose 0 = -5*b + b + 16. Suppose 2*f = w*o + 104, b*o = -f - o + 80. What is the highest common factor of 12 and f?
12
Let t(l) = 48*l. Let a be t(-1). Let n be (32/4)/((-6)/a). Suppose 4*p + 10 - 42 = 0. What is the highest common factor of n and p?
8
Let w = 323 - 236. What is the greatest common factor of w and 58?
29
Let m = 753 + -128. What is the greatest common factor of m and 5?
5
Let d(m) = 78*m**2 + 5*m + 40. Let x be d(-7). What is the highest common factor of x and 89?
89
Suppose a = -0*a + 6. Suppose 2 = 2*p - a, s = p + 4. What is the greatest common divisor of 56 and s?
8
Let d be -4 + -7 + (317 - 5). What is the highest common divisor of d and 86?
43
Let x be (-154)/35*(-3)/((-24)/(-20)). Calculate the greatest common factor of 1 and x.
1
Let f = 43 + -41. Let m be (16/1)/(f/3). What is the highest common divisor of m and 8?
8
Suppose 0*v - 3*v + 3*n = -765, 4*n = 3*v - 767. Let p = 3 + 20. What is the greatest common factor of p and v?
23
Suppose 2*p - 284 + 84 = 0. What is the greatest common divisor of p and 450?
50
Suppose 61 = 4*n - 27. Let f = 16 - n. Let m(i) = i**3 + 6*i**2 - 2*i - 9. Let c be m(f). What is the greatest common factor of c and 9?
3
Suppose 3*s + 199 = 2*q - 21, -3*s = 2*q - 196. What is the highest common factor of 13 and q?
13
Let g(h) = 51*h**2 - 35*h + 20. Let l be g(3). Calculate the greatest common factor of l and 44.
22
Let m = 82 - 2. What is the highest common factor of m and 30?
10
Suppose -3 = 5*a - 8. Suppose -l + 3 = -a. Suppose 84 = -0*n + l*n. What is the greatest common divisor of 7 and n?
7
Suppose 215 = -3*p - 3*m + 245, m = 4*p - 65. Calculate the highest common factor of 12 and p.
3
Let g be (-47 - 1)/(177/(-3304)). What is the greatest common divisor of g and 56?
56
Let c(z) be the third derivative of z**4/3 + 4